-w**3 + 7*w**2 - 6*w + 1. What is the tens digit of z(j)?
2
Let v(s) = s**3 + 4*s**2 - s + 3. Let u be v(-4). Let t = -1 + u. What is the units digit of t?
6
Let m = 29 + -16. Suppose w - m = -5. What is the units digit of w?
8
Let x(o) be the third derivative of -o**6/40 - o**5/20 - o**4/12 + o**3/6 + o**2. What is the units digit of x(-2)?
7
What is the tens digit of (5 + -3 - 1) + 49?
5
Let u(a) = -a**3 + 3*a**2 + 4*a - 4. Let m be u(3). Suppose -y = m - 3. Let n = y + 10. What is the units digit of n?
5
Let g(x) = -x**2 + 13*x + 17. What is the units digit of g(12)?
9
Let t be ((-9)/(-12))/(4/288). Let j be (-6)/15 + t/10. Suppose 2*k + 6 = j*k. What is the units digit of k?
2
Let n = -21 + 23. What is the units digit of n?
2
Suppose -s + 38 - 8 = 2*c, 3*s = -2*c + 34. Suppose 4*b + 8 = -2*l, -3*l - 2*b = -6*l - 20. Let t = c - l. What is the tens digit of t?
2
What is the tens digit of (3/((-24)/68))/(2/(-4))?
1
Suppose 5*w + 7*w - 732 = 0. What is the units digit of w?
1
Let f(z) = -z**3 + 8*z**2 - 5*z - 12. Let k = -14 - -19. What is the units digit of f(k)?
8
Let l be ((-52)/(-8))/(1/2). Suppose 8*y + 60 = l*y. What is the units digit of y?
2
Let z = -51 + 114. What is the tens digit of z?
6
Suppose -3*y - 5*p = -13, -1 = 4*y + 2*p - 23. What is the units digit of y?
6
Suppose -4*b + 5*m - 16 = 0, b - 4*m = -4*b - 29. Let o(u) = u + 10. What is the units digit of o(b)?
1
Let i(s) = 8*s + 14*s - 15 - 18*s. What is the units digit of i(6)?
9
Let m = 14 - 19. Let i = 10 + m. What is the units digit of i?
5
Let m(o) = -o - 2. Let v be m(-5). Let d be (-4)/6*(v - 69). What is the units digit of 2/(-5) - d/(-10)?
4
Let w(l) = l**2 + 6*l + 13. What is the units digit of w(-15)?
8
Let u be 2 - -1 - (4 + -4). Suppose -2*n - 11 = -3, -w + 29 = -u*n. What is the tens digit of w?
1
Suppose -3*w + 30 = -81. What is the tens digit of w?
3
Suppose 3*l + 2*j - 7 = 2*l, -4*l = -5*j + 37. Let c = -5 + l. What is the units digit of 2/c + (-74)/(-8)?
9
Let w be 178/(-14) - 8/28. Let o = 15 + w. What is the units digit of o?
2
Let z(s) = 2*s**2 - 5*s - 11. What is the tens digit of z(8)?
7
Let g = -5 - -103. What is the tens digit of g?
9
Let r(d) = 29*d - 9. What is the units digit of r(3)?
8
Suppose -b + 3 = -36. What is the units digit of b?
9
Suppose 3*z + v - 25 - 75 = 0, -v + 68 = 2*z. Suppose 3*y = -2*y - 3*k - 56, 2*y - 2*k = -z. Let g = 3 - y. What is the units digit of g?
6
Let u be 2 + 3 + -2 - -2. Let j = 12 - u. What is the units digit of j?
7
Let n = -223 + 388. What is the units digit of n?
5
Let d(l) = -l**3 - 4*l**2 + 3*l + 4. Suppose i = -2*c + 4*i - 10, -3*c + 5*i = 15. What is the tens digit of d(c)?
1
Let u = 28 + 5. What is the units digit of u?
3
Suppose 0*y + 4*y = 276. What is the units digit of y?
9
Suppose -4*s = -8*s + 4. Let d(u) = -4*u + 9*u - u - 2 - s. What is the units digit of d(6)?
1
Let y be 3 + 7 - 8/4. What is the units digit of (-8 - -5)/((-6)/y)?
4
Let u(n) = -2*n - 7. Let h be u(-9). Let v = 14 - h. What is the units digit of v?
3
Let c = -7 + 11. Suppose 0 = g + g - c. What is the units digit of g?
2
Suppose -150 = -10*h + 350. What is the tens digit of h?
5
Let q(g) = g**2 + 4*g - 8. Let k = 10 + -16. Let h be q(k). Let m = -1 + h. What is the units digit of m?
3
Suppose 4*f - 5 = 3. Let a be (0 + f)/(3/(-3)). What is the tens digit of 3/a*60/(-9)?
1
Let h be 2/4 - 18/(-12). Suppose h*m - 3*o - 35 = -4*o, -m + 2*o + 25 = 0. What is the units digit of m?
9
What is the tens digit of ((-25)/15)/(1/(-9))?
1
Suppose 3*m + 449 = 4*u, -5*m + 3*m + 544 = 5*u. What is the tens digit of u?
1
Suppose v - 5*v + 12 = 0. Suppose 3*c + c + v*j = 82, 2*c - 36 = -4*j. What is the tens digit of c?
2
Let s = 142 - -21. What is the tens digit of s?
6
Suppose 0 = -5*k + 4*k + 4, -4*s + 272 = 3*k. What is the units digit of s?
5
Let z(s) = -s**3 + 5*s**2 - 2*s - 3. Let j be z(4). Suppose w - 9 = -j*u, -4*u - 5 - 3 = -3*w. What is the units digit of w?
4
Let b(n) = 0*n + n + 1 + 0*n. Let y = 0 - -3. What is the units digit of b(y)?
4
Let q(r) = 2*r - 6. What is the units digit of q(12)?
8
What is the units digit of 501/6 + (-2)/4?
3
Let o(v) = v**3 - 8*v**2 + 4. Let b be o(8). Suppose b*a - 111 = -5*f, -6*a + 112 = -2*a + 4*f. What is the tens digit of a?
2
Let n be (-200)/(-7) + (-27)/(-63). Let r = -20 + n. What is the units digit of r?
9
Let x = -5 - -2. Let m = x - -3. Suppose m = -3*v + 2*v + 3. What is the units digit of v?
3
Suppose -52 = 4*i + 4*q, 5*q + 0*q + 17 = i. Let o(f) = -f**2 - f + 4. Let x be o(-3). What is the units digit of (2/8)/(x/i)?
1
Let r(f) = 4*f**2 + 13*f + 17. What is the tens digit of r(-9)?
2
Let u(n) = 47*n**2 + 11*n + 3. What is the tens digit of u(-2)?
6
Let g(k) = 2*k - 6. Let q be g(5). Suppose c = q, 2*o + 2*o + c - 40 = 0. What is the units digit of o?
9
What is the tens digit of -1 - (124/(-4) - 1)?
3
Let g be (2/6)/((-3)/(-54)). Let l = 3 + g. What is the units digit of l?
9
Let u(z) be the first derivative of 7*z**2/2 - 11*z + 2. Let v(r) = -r + 1. Let t(q) = u(q) + 6*v(q). What is the units digit of t(7)?
2
Let u = 8 - -13. What is the units digit of u?
1
Let b be (-1)/4 + 341/4. Suppose -19 = -3*o - 3*n + 5, -4*n - b = -5*o. What is the units digit of o?
3
Let t(h) = 3*h**2 + 5*h + 63. Let p(j) = j**2 + 2*j + 21. Let f(d) = 8*p(d) - 3*t(d). Let w be f(0). Let q = w - -29. What is the units digit of q?
8
Suppose 2 = 5*b - 23, 2*s + b = 43. What is the units digit of s?
9
Suppose 3*j - 5*j - 1290 = -4*i, i + j = 330. What is the units digit of i?
5
Let i(k) = k + 1. Let s be i(-2). Let o = s + 7. What is the units digit of (4/o)/(2/27)?
9
What is the units digit of ((-60)/(-50))/((-2)/(-5))?
3
Suppose 0 = -b + 2 - 1. Suppose 2*r + b = 3. What is the units digit of r?
1
Suppose -2*p - 5*u + 188 = 0, -2*p - 2*u - 470 = -7*p. What is the tens digit of p?
9
Suppose -6 = -2*y + 6. Suppose y = -4*j + 74. What is the tens digit of j?
1
What is the units digit of (9 + -22)/((-1)/3)?
9
What is the units digit of (-3)/(-3 + (-75)/(-252)*10)?
6
Let f(b) = 4*b. Let o be f(1). Let x(v) = v + 5 + 2*v - o*v. What is the units digit of x(0)?
5
Suppose 3*h - 3 = 3*f - 0*h, -8 = -f - 2*h. Let m be (10/2)/(f/22). Suppose 5*z - 5 = m. What is the tens digit of z?
1
Let f(q) = -2*q**2 + 4*q + 5. Let y(p) = 2*p**2 - 3*p - 4. Let k(h) = 4*f(h) + 5*y(h). Let w = 1 - -1. What is the tens digit of k(w)?
1
Let j(w) = -6*w**2 - 1. Let q be j(1). Let g = 1 + q. Let m = g + 11. What is the units digit of m?
5
Let l be (0 + (-10)/3)*3. What is the units digit of (8/l)/(4/(-30))?
6
Suppose -4*k + 2*k + 414 = 0. What is the hundreds digit of k?
2
Suppose -f = -5, -17 = -2*v - 3*f + 636. What is the tens digit of v?
1
Let n(g) = g + 1. Let a be n(8). Let h(t) = -t + 10. What is the units digit of h(a)?
1
Let x be (-2)/(-3)*(-21)/14. Let c be 3*((-4)/(-6) - 0). What is the units digit of ((-6)/4)/(x/c)?
3
Let g = -3 + 4. What is the units digit of (-3)/9*(-33)/g?
1
Let l = -5 - -2. Let g(z) = z + 3. Let x be g(-7). What is the tens digit of l/x*(-9 + 29)?
1
Suppose 20*c = 16*c + 1048. What is the tens digit of c?
6
Let i(d) be the first derivative of 7*d**2/2 + d - 3. What is the units digit of i(2)?
5
Let r(g) = g**3 + 3*g**2 - 6*g - 3. Let n be r(-4). Let i(z) = z**2 - z - 3. What is the tens digit of i(n)?
1
What is the tens digit of 6/(-4) - 49/(-2)?
2
Suppose 5*y = 5*d - 0*d + 25, -5*y + 20 = -4*d. What is the tens digit of (-22 - -2)/(-1) - y?
2
Suppose 5*a - i - 19 = 0, 5*i = 2*a - 1 - 2. Suppose 0*z - a*f - 24 = 4*z, -z - 11 = -4*f. Let o = z + 11. What is the units digit of o?
4
Suppose 3*l - n - n - 46 = 0, -88 = -4*l - 4*n. What is the tens digit of l?
1
Let r be (-84)/24*(-2)/1. What is the units digit of (-1 - (r - 3))*-1?
5
Let q(j) be the second derivative of -j**3/6 + 7*j**2/2 + 2*j. What is the units digit of q(6)?
1
Suppose 0 = -o + 3*o. Suppose q = t + 3, 2*q + 3*q + 2*t - 8 = o. Suppose -q*d + 6 = 0, 5*w + 0*w = 4*d - 2. What is the units digit of w?
2
Let i = 22 - 13. Let m be -4 + -3*(-1)/3. Let r = i + m. What is the units digit of r?
6
Suppose -7*z + 60 = -4*z. Suppose 0 = -4*u + z + 32. What is the tens digit of u?
1
Let g be (1 + 1 - 1)*2. Let z = 11 - g. What is the units digit of 4/6 - (-12)/z?
2
S